k = -21 + 25. Let w be k/(-14) - 1348/(-14). Calculate the greatest common factor of t and w.
12
Suppose -7*o = -5*o - 8. Let x be 2/((-8)/o)*-30. What is the highest common factor of 40 and x?
10
Let y be 1496/6 + 22/33. Calculate the greatest common factor of 5 and y.
5
Let g be 41 + -2 + (0 - -1). Suppose 5*b = 5*f + 180, -6*f + 212 = 5*b - 3*f. Calculate the highest common factor of g and b.
40
Let h = -496 + 608. Calculate the greatest common factor of h and 592.
16
Let q = 36 - -80. Calculate the highest common factor of q and 290.
58
Let t = 15 - 3. Suppose -3*h + 0*h + 5*u - 34 = 0, 0 = h + 3*u - t. Let a be 94 + -1*(h - -2). What is the greatest common divisor of a and 19?
19
Suppose 2*y + 75 = 7*y. Suppose -14*z + 135 = -11*z. What is the greatest common divisor of z and y?
15
Suppose 0 = -4*v - v + 4*l - 10, -33 = -4*v - 5*l. Let r = 0 + 3. Suppose -v*d = -z - 6, -z + r*d - 5 = 5. Calculate the greatest common divisor of z and 14.
2
Let x be (-30)/25*10/(-4). Suppose 5*v + 0*v - 114 = x*q, q - 39 = -2*v. Let d be (0 - (-2)/(-2)) + (-28)/(-7). What is the greatest common divisor of d and v?
3
Let p be 7 + 25962/48 + (-1)/(-8). Calculate the greatest common factor of p and 4.
4
Suppose -5*x + 10*x + s = 45, -s = -x + 15. What is the highest common divisor of 470 and x?
10
Let q = -1017 + 1290. Calculate the highest common divisor of 78 and q.
39
Let i be 8/6*22344/38. What is the greatest common divisor of 16 and i?
16
Suppose -3*l + 19 = -2. Let w(y) = -7 + l - 4*y + 6. Let i be w(-7). What is the greatest common divisor of 51 and i?
17
Suppose 3*b + 4*a - 1 = 3, 2*a = 4*b + 2. Suppose 0 = 3*l - x - 90, 5*l + b*l - 150 = 3*x. Calculate the highest common factor of 45 and l.
15
Let v(q) = q**3 + 7*q**2 - 12*q - 20. Let m be v(-8). Suppose -4 = -d + 20. What is the greatest common divisor of d and m?
12
Suppose 143 - 26 = r. Suppose 16 = 5*w - 99. Suppose 0 = -4*a + 29 + w. Calculate the greatest common divisor of r and a.
13
Let s(d) = 31*d + 137. Let j be s(-2). Calculate the greatest common factor of 725 and j.
25
Suppose 3*y + 348 + 18 = 0. Let p = -78 - y. Let d be (p/8)/((-1)/(-2)). What is the highest common factor of 44 and d?
11
Suppose 4*q - 68 = -4*x, -3*x + 4*q + 90 - 4 = 0. Let r be 2*-1*3/6*2. Let c be r/11 - 398/(-11) - 3. What is the highest common factor of x and c?
11
Let c = -1 + 32. Suppose -2 - 4 = -3*r. Suppose 15 = r*z - c. Calculate the highest common factor of 253 and z.
23
Let n(q) = 8*q + 276. Let m be n(-27). What is the highest common divisor of 1020 and m?
60
Let f be ((-21)/(-4))/((-4)/(-64)) - 0. Let i be f*2/(8/4). Let w(z) = 22*z**2 + z. Let x be w(-1). Calculate the highest common divisor of i and x.
21
Let a be (6/3)/((-644)/490 - 8/(-5)). Let t = 63 - 35. What is the greatest common factor of t and a?
7
Let s be 8/(-20) + 6297/5. Suppose s - 6209 = -5*y. Suppose 11*l = 6*l + y. Calculate the greatest common divisor of l and 18.
18
Let u be (1/2)/(2/240). Suppose -4*q + 206 = 2*y, 5*y + 58 + 127 = 4*q. Let f = 80 - q. Calculate the greatest common divisor of f and u.
30
Let p = 561 + -401. Suppose 0 = -2*h + 7*h - p. Calculate the greatest common divisor of h and 160.
32
Let t be 2/(-2 - 320/(-156)). Let d = 18 - 24. Let c be (-1420)/(-55) + d/(-33). Calculate the greatest common factor of c and t.
13
Let w = -39 - -64. Let d = -71 + 105. Suppose 0 = 2*q - 4*a - d, 2*q - 54 = -4*a + 3*a. What is the greatest common divisor of w and q?
25
Let a = -208 + 308. Let l(u) = -5*u**2 - u + 2. Let g be l(1). Let p be 2 + 26 + g + 1. Calculate the highest common factor of p and a.
25
Suppose -3*x + 56 = 8. Let w(g) = 2*g**2 - 22*g - 10. Let j be w(x). Calculate the highest common factor of j and 60.
30
Let f be (-26)/(-13)*(3 - -3) - 0. What is the greatest common divisor of 78 and f?
6
Let n be -55*9/27*(-3 + -5 + 2). Suppose 0*j = 5*j - 55. Calculate the highest common divisor of n and j.
11
Let a(f) = 14*f + 74. Let i(p) = 21*p + 111. Let z(s) = 7*a(s) - 5*i(s). Let x be z(-7). What is the highest common factor of x and 132?
12
Let w = 17 - 57. Let f = -20 - w. What is the highest common factor of 8 and f?
4
Let p(z) = z**3 - z**2 - 3*z + 7. Let r be p(5). Suppose -5*t + 412 = 4*g, t - 11 - r = -g. Let c = g - -29. What is the greatest common divisor of c and 22?
22
Suppose 1563*f = 1557*f + 756. Calculate the highest common factor of f and 42.
42
Let p = 221 + -152. Let s(j) = -5*j - 27. Let q be s(-12). Let a = -10 + q. What is the greatest common divisor of a and p?
23
Let i be (98/28)/(2/12). Suppose 73 = 3*z + n + i, z + 3*n = 28. Let t = 3 - 1. Calculate the highest common factor of z and t.
2
Suppose 4*l = -5*x + 230, 5*l = 3*x - 0*x + 269. What is the greatest common factor of l and 20?
5
Let i(t) = 4*t**2 + t - 1. Let n be i(1). Suppose -n*g + 2*g + 32 = 0. Suppose -3*m = -g - 41. Calculate the greatest common factor of m and 38.
19
Suppose -26*p + 3400 - 280 = 0. What is the highest common divisor of 24 and p?
24
Let n(b) = b**3 + 6*b**2 + 3*b + 1. Let d be n(-2). Suppose -5*g + 966 = -24. Let o = -99 + g. Calculate the highest common divisor of o and d.
11
Let y(o) = 3*o**2 + 27 - 2*o**2 + 97*o - 92*o. Let u be y(-17). Suppose 0*m - 4*m = -84. What is the highest common factor of u and m?
21
Let x(h) = -8*h - 21. Let u be x(-4). Suppose 0 = -4*y - 5*v - 198, 5*y + v = 3*y - 102. Let n = 107 + y. Calculate the highest common factor of u and n.
11
Let g be -1245*1/(-3) + (-2 - -7). Calculate the greatest common divisor of 14 and g.
14
Suppose 29*h = 4*h + 325. What is the greatest common divisor of 299 and h?
13
Suppose 4*h + 5*c = -94, 7*h - 2*c + 80 = 3*h. Let b be 138/7 + (-6)/h. What is the highest common factor of 50 and b?
10
Let i(l) = -l**2 - 9*l + 9. Let b be i(-10). Let m be (540/24)/(b/(-2)). What is the greatest common divisor of 405 and m?
45
Suppose -73*b + 29*b + 132 = 0. Let z be 1/((-2)/42*-1). Calculate the greatest common factor of z and b.
3
Let i(w) = -2*w + 11. Let y be i(-6). Let q be 114 + (2 - 0) - 17/17. What is the highest common factor of y and q?
23
Let w(z) = 9*z**3 - z**2 + 2*z. Let u(o) = -o**2 - 6*o - 3. Let r be u(-4). Let k = r - 3. Let b be w(k). What is the highest common factor of 8 and b?
8
Let o be 7 + -1 - -117 - 11. Calculate the greatest common divisor of o and 35.
7
Let o = -570 + 930. Let l = 25 + 15. Calculate the greatest common divisor of o and l.
40
Let h(w) = w**3 + 8*w**2 - 3*w - 14. Let z be h(-7). Let v = 76 + z. What is the highest common factor of v and 12?
12
Let c be 0/(1 - (0 - -3)). Let b = 73 + -57. Let p = c + b. What is the highest common factor of 24 and p?
8
Let s = -33 - -57. Let x = -13 + 17. Let o = -1 + x. Calculate the highest common divisor of s and o.
3
Let h be (-423)/(-8) + 1 - 100/(-800). Calculate the highest common factor of 522 and h.
18
Let r = 6 - 3. Let s(j) = -j**3 + 4*j**2 - 2*j. Let y be s(r). Suppose 0 = w - 3*t + 3, w - t + 2 = y. Calculate the greatest common divisor of w and 33.
3
Suppose 0 = 2*i - 6*i + 32. Let p(u) = u + 13. Let t be p(i). Suppose 28 = 2*f + 2*v, 3*f + 7 = 4*v + t. Calculate the greatest common divisor of 20 and f.
10
Let x = 128 + -53. Suppose -5*m - 44 = 3*v, v + 24 = -3*m - m. Let g(s) = -s**2 - 10*s - 1. Let r be g(v). What is the greatest common divisor of x and r?
15
Let f(a) = a**3 - 3*a**2 + 4*a - 2. Let j be f(2). Suppose 2*t + 10 = j*n, 5*t - 55 = -4*n - n. What is the greatest common divisor of 88 and n?
8
Let t = -970 + 994. Calculate the highest common divisor of t and 176.
8
Suppose 0 = -3*u + 5*z + 50, -36 = -3*u + 2*z + 20. Calculate the greatest common divisor of u and 2780.
20
Suppose 0 = -10*k + 11*k. Let d = k - -16. What is the highest common factor of 16 and d?
16
Let l be (2/(-3))/(14/(-147)). Suppose 0 = -t + 5 - l. Let n be ((-256)/24)/(t/3). Calculate the highest common factor of 2 and n.
2
Suppose -5*n + 111 = -y - 23, -2*n + 68 = -4*y. Let i be 4 + 105/(-3)*-1. Calculate the greatest common divisor of n and i.
13
Suppose 0 = -5*i + 3*f + 145, -12*f = -4*i - 16*f + 148. What is the greatest common divisor of 136 and i?
8
Let b be ((-134)/(-8))/(21/84). Let t = b - 61. Calculate the greatest common divisor of t and 42.
6
Suppose 13*s + 60 = 333. What is the greate